- 12. Let o be n(-9). Let l = o + 2. Let w(u) be the second derivative of 2*u**4/3 - u**2/2 + u. Calculate w(l).
7
Let b(w) = -w**2 + 7*w**3 - 6*w**3 + 1 + w**2. Let p(x) = 5*x**3 - 4*x**2 - 5*x + 9. Let d = 1 + 3. Let y(r) = d*b(r) - p(r). Calculate y(5).
-5
Let k(p) = p**3 - 3*p**2 + 2*p + 1. Let q be (-216)/32 + (-2)/8. Let a = q + 10. What is k(a)?
7
Let u(s) = s. Let m be u(-6). Let c(r) = 54*r + 16. Let l(b) = 10*b + 3. Let n(d) = -3*c(d) + 16*l(d). What is n(m)?
12
Let l(i) = 4*i + 14. Let b(a) = -2*a - 7. Let c(o) = 5*b(o) + 3*l(o). Suppose -18 = 4*k + 2. Determine c(k).
-3
Let f(p) = -3*p**2 + 4*p + 11. Let y(i) = i**2 + i - 1. Let m(a) = -f(a) - 4*y(a). Determine m(-7).
0
Let t(i) be the second derivative of i**8/1120 + i**6/360 + i**5/120 + i**4/4 + 2*i. Let x(l) be the third derivative of t(l). What is x(-1)?
-7
Let g(z) = 3 - 3 + z - 1 + 3. Determine g(-2).
0
Let z(n) = n**3 - 2*n + 1. Let r(p) = 2*p**2 - 3*p + 2. Let j be r(1). Determine z(j).
0
Suppose 0 = 3*b + d - 0 - 16, 5*b = -5*d + 20. Let n(q) = -q**2 + 3*q + 7. Calculate n(b).
-11
Let t(w) be the third derivative of 0*w + 0 + 1/24*w**4 + 3*w**2 - 7/6*w**3. Give t(5).
-2
Let m(v) = v + 1. Let z = -33 + 35. Calculate m(z).
3
Let g = 23 + -16. Let y(l) = l**3 - 8*l**2 + 6*l + 8. Give y(g).
1
Let d(u) = -u**3 - 3*u**2 - 4*u - 2. Suppose 5*y = 15 + 10. Suppose y = -5*i - 5. Determine d(i).
2
Let p(t) = -3 - 3 - 8*t + t - t**2. Let q(h) = 2*h + 3. Let u be q(-5). Let a = 3 + u. What is p(a)?
6
Let r be (-1)/2 - (-1)/2. Suppose r = f + f - 40. Let k(w) = -16 + f - w - w. Give k(3).
-2
Let g = 8 + -4. Let b(y) = 2*y**2 + 14*y + 12. Let k(h) = -h**2 - 7*h - 6. Let s(d) = g*b(d) + 7*k(d). Determine s(-5).
-4
Let y(q) = -13*q**2 + 1. Suppose -3*l + 5 = 2*l. What is y(l)?
-12
Let t be (-2 - 7)*4/(-3). Suppose -t = -4*x - 0. Let a(n) = n - n + 3*n - 2 - n**2. Calculate a(x).
-2
Let m(c) = -c**2 - 3*c + 1. Suppose -3*r = -0*y - 4*y + 10, 5*y - 10 = 5*r. Calculate m(r).
-9
Let s(b) = 6*b**2 - b + 6. Let h(q) = 7*q**2 - 2*q + 6. Let j(c) = -5*h(c) + 6*s(c). Determine j(-6).
18
Let t(w) = 2*w**2 + 5*w - 13. Let o(q) = q**2 + 2*q - 6. Let s(c) = 5*o(c) - 3*t(c). Give s(-7).
-5
Let p be (-1)/((3 - 1) + -1). Let h(t) = -8*t + 9. Let x(y) = y - 1. Let g(d) = p*h(d) - 6*x(d). Determine g(4).
5
Let c(n) = -n**2 + 4*n + 7. Let f = 10 + -5. Let i = f + -3. Let l be (3/i + 1)*2. Calculate c(l).
2
Let w(p) be the first derivative of -p**4/4 + p**3/3 + 3*p**2/2 - 3*p + 16. Determine w(2).
-1
Let u(q) = q**3 - 2*q**2 - q + 1. Let o = 0 - 0. Let a be o + -2 - (-4 - 0). Calculate u(a).
-1
Let p be 7 - ((-2 - -6) + -1). Let o be (1 - 10/p)*-2. Let q be (-1)/(o/(-9)) - 6. Let s(m) = -6*m - 4. Determine s(q).
14
Let u(b) = b. Let y(w) = 2*w - 1. Let j(f) = 5*u(f) - 2*y(f). Suppose -2*h + 3 - 13 = 0. Give j(h).
-3
Let w(v) = -3*v**2 - 8*v - 9. Let q(m) = 2*m**2 + 4*m + 5. Let a(t) = -5*q(t) - 3*w(t). Let u be 4/(-8)*10*-1. Determine a(u).
-3
Let a be -4 + 3*(-33)/(-18). Let i(c) be the first derivative of -2*c + 3 + a*c**2 - 1/3*c**3. Calculate i(4).
-6
Let u(s) be the third derivative of s**4/12 - s**3 - 3*s**2. Let j be u(5). Let h(z) = -z**2 + 3*z - 1. Calculate h(j).
-5
Let o(u) = -3*u - 2. Suppose -2*m = d + 2*m + 16, d + 7 = -m. Calculate o(d).
10
Let d(f) = 0*f + 7 + 4*f - 5*f. Let w be (-6)/8 - 155/(-20). Let t = -4 + w. Determine d(t).
4
Suppose -5*j - 29 = 2*p, -4*j + 5*p - 3 = 7. Let d(h) = h + 4. Calculate d(j).
-1
Let v(d) = 0 - 8*d - 175*d**2 - 6 + 174*d**2. What is v(-4)?
10
Let j(s) = -s**2 - 2*s + 2. Let a(y) = 4*y**2 - 5*y**2 + 10*y - 11 + 6*y**2. Let h(t) = -2*a(t) - 11*j(t). Suppose 2*p + 3 = -3. Determine h(p).
3
Let g = 6 - 4. Let v(j) = -5*j - 5. Let l(y) = -14*y - 14. Let k(m) = 4*l(m) - 11*v(m). Give k(g).
-3
Let i(z) = -2 - 3*z - 2*z + 3*z. Let a = 7 - 2. Let v = 9 - a. Calculate i(v).
-10
Let a = 97/3 - 32. Let t(j) be the first derivative of -j - 2 + 0*j**2 + a*j**3. Determine t(-1).
0
Let t(b) be the third derivative of 0*b + 1/6*b**3 - b**2 + 0 + 1/60*b**5 - 1/6*b**4. Suppose -w + 15 + 4 = 4*l, -15 = -4*l - 5*w. Determine t(l).
6
Suppose -a = 2*k + 11, 3*a = -3*k + 6*a - 21. Let v(l) = 7 + 0*l - 1 + 3*l + 0*l. Determine v(k).
-12
Let h(n) be the third derivative of -n**7/840 - n**6/90 + n**5/40 + n**4/4 - 2*n**3/3 + 4*n**2. Let u(d) be the first derivative of h(d). Give u(-4).
-6
Let n be (-16)/3 + 1/3. Let b be 2/n + (-36)/(-15). Suppose -b*g + 9 = -f, -19 = -5*g - 3*f + 2*f. Let k(z) = -z**2 + 3*z + 5. Give k(g).
1
Let x be (-4)/3*(-15)/(-2). Let b(c) = 2*c + 14. Let v be b(x). Let m(q) be the third derivative of q**4/12 + 4*q**3/3 - 2*q**2. Calculate m(v).
-4
Let h = 81 - 78. Let o(m) = 6*m + 3. Give o(h).
21
Let i(y) = -4 - 6*y - 4*y + 2 + 6*y - 3*y**2. Let k be i(-2). Let n(c) = -c**2 - 5*c - 3. What is n(k)?
-9
Let y(t) be the first derivative of -1 + 2*t**3 + t - 1/2*t**2. Determine y(1).
6
Let b(s) = s**2 + 14*s - 24. Let m be b(-16). Let u(j) = j - 8. Determine u(m).
0
Suppose -3*l + 16 = -7*l. Let z(u) = 4*u - 2. Let g(f) = -7*f + 4. Let h(t) = 3*g(t) + 5*z(t). Give h(l).
6
Let m(w) = -2 - w - w + w**2 - 3*w + w**3. Let u(b) = 2*b + 7. Let z be u(-5). Let g = -6 - z. Calculate m(g).
-5
Suppose -4*u = -2*u - 2. Let w be 0*u/(-1)*1. Let f be -1 - w - (4 + 0). Let k(n) = -n**3 - 4*n**2 + 6*n + 3. Calculate k(f).
-2
Let k(p) = 13*p**2 + 4*p**2 - 1 - 3*p - 19*p**2. Calculate k(-2).
-3
Let y(q) = -q + 2. Let b be (-1 + 5 + -4)*1. Calculate y(b).
2
Let j be 0 - (1 + -3 - -1). Let y(v) = -j + 2*v + 2*v - 3*v. Give y(-3).
-4
Let c be 6/24 + 11/4. Let z(o) = o - 3*o**2 - o**3 + 5*o**2 + 7*o**c. Give z(-1).
-5
Suppose -2*i + 6*i - 4 = 0. Let x(c) = 24*c - 13. Let w(u) = -6*u - 3. Let f be w(-2). Let d(o) = 6*o - 3. Let t(g) = f*d(g) - 2*x(g). What is t(i)?
5
Let r(c) = c - 1. Let u(h) = -5*h + 25. Let q be u(6). Give r(q).
-6
Suppose 3*y + 11 - 3 = 2*l, 5*y + 5*l - 20 = 0. Let t(x) = -x + 6 - x**2 - 4 + y. Determine t(0).
2
Suppose -10 = 2*u + 4. Let r = u + 8. Let n(p) = -6*p**3 - p**2 - p + 1. What is n(r)?
-7
Let q(r) = 2*r**3 + r**2 - r. Let x be (-1 - 0) + (2 - 0). Suppose -2 = p + 5*a, -2*a + x = -4*p - 7. Calculate q(p).
-10
Let m be (-3 + 1)/(4/(-10)). Let n(z) = 3*z**2 + 3*z - 11. Let r(i) = 5 + 5 + 11*i**2 - 4 - 2*i - 13*i**2. Let l(t) = m*r(t) + 3*n(t). What is l(0)?
-3
Suppose -2*s - 3*v = -3*s + 2, 5*s + 3*v = -26. Let y(k) = -3*k - 4. Determine y(s).
8
Let o(n) = n**3 - 3*n**2 - 3*n - 1. Let l = 8 + -5. What is o(l)?
-10
Let o(a) be the first derivative of -3/2*a**2 + 1 - 3*a. Let r be 4/6*(-3)/1. Determine o(r).
3
Let w(b) = b**2 - 5*b + 5. Let g = -14 + 20. Calculate w(g).
11
Let x(k) = 39*k**2 + 7*k - 16*k**2 - 24*k**2. Give x(6).
6
Let i(u) = 4*u - 1. Let j be ((-3)/(-1))/3 + -4. Give i(j).
-13
Let m(v) = v**2 - v. Let g = -2 + 4. Let t be g + 8/12*-3. Calculate m(t).
0
Let k(l) = l + 1. Let q(y) = 2*y + 5. Let m(j) = 3*k(j) - q(j). Give m(0).
-2
Let q = -13 + 15. Let w(m) = 4*m + q + 14*m**2 - m**3 - 5 - 11*m**2. Determine w(3).
9
Let i(w) = -2*w - 1. Let p = -20 - -14. Calculate i(p).
11
Let k = 119 + -112. Let w(p) = -p. Calculate w(k).
-7
Let r(u) = -u**2 - 6*u - 5. Suppose -5*o = -6 - 9. Suppose 0*x = o*x - 3. Suppose 0*d - 3*d - 21 = 2*n, 0 = -d + 2*n + x. Calculate r(d).
0
Let r(b) = -7*b**3 - 13*b**2 - 15*b - 2. Let p(k) = 4*k**3 + 6*k**2 + 7*k + 1. Let f(v) = -13*p(v) - 6*r(v). Determine f(-1).
10
Let q(f) = -f**2 + 1. Let t(h) = 2*h**2 - h - 3. Let y(l) = 7*q(l) + 4*t(l). Calculate y(6).
7
Let z(j) = -j - 1. Suppose -3*v = -2*a - 11 - 20, 0 = -v + 3*a + 1. Let w = -16 + v. Calculate z(w).
2
Let m = 0 - -2. Suppose m*o = 4*o. Let s(j) = -1 - j**2 - 5*j + o*j + 0*j**2 + 6. Give s(-4).
9
Let f = 1 + -7. Let m(l) = l**3 + 5*l**2 - 7*l - 5. Calculate m(f).
1
Let o(v) = -3*v**3 - v**2 + 1. Let b be o(-1). Let u = -1 + b. Let p(q) be the third derivative of -5*q**4/24 + q**3/6 - 4*q**2. Give p(u).
-9
Let q(b) = 13*b**2 - 5*b - 1. Let k(u) = u**2 + u. Let p(l) = 5*k(l) + q(l). What is p(1)?
17
Suppose -3*r = -0 - 6. Suppose -2*g + r = -0*g. Let y be (3 + -2)/(g/(-5)). Let t(f) = -f - 1. Give t(y).
4
Let i(h) = -3*h**3 + 3*h**2 - 5*h + 4. Let d(m) be the first derivative of -m**4 + 2*m**3/3 - 5*m**2/2 + 5*m - 2. Let q(k) = 2*d(k) - 3*i(k). Calculate q(4)